(-88 + 45 + 61 + -130)
103
(-3 - 18) + -1 + (-110 - (4 - 30))
-106
What is the value of 2 + (-7 - 0 - (209 + -211) - -63) - -6?
66
Evaluate (1 - 0 - 17) + 2 - (109 - (289 + -230)).
-64
What is the value of (-8 - (13 - 10)) + 0 + (-55 - 0)?
-66
Calculate 21 - (-23 + 41 - -11 - -9).
-17
(-136 - -139) + 5 + 0 + 2 - -42 - 5
47
What is 2 + -19 - (533 - 573)?
23
Evaluate 179 - 165 - (1 - 0) - 6.
7
Calculate 67 + -79 - ((-1 - (-3 - -8)) + -73).
67
(143 - (28 - 1)) + 1 - 10
107
What is 7 + 38 + (409 - 428)?
26
Calculate 15 + (-7 - (-35 + 13)).
30
Evaluate -11 + 2 + 2 + (-37 - -12 - -19 - -11).
-2
-5 - -41 - -4 - (11 + -10 + -8 + 2)
45
What is -10 + -105 + 67 + 51?
3
What is (6 - 26) + 22 + 21 - 54?
-31
What is the value of -50 - (6 - (41 - (-21 + 37)))?
-31
What is the value of 21 - (34 + (21 - 38))?
4
Calculate 1 + 48 + (752 - 750).
51
Calculate -5 + 3 + -5 + -1 + 24 + 22.
38
Evaluate -2 - (2 + -1 + -21 + (-54 - -106)).
-34
What is the value of 1390 + -1411 - (-5 - -2 - (5 + -79))?
-92
Calculate 12 + (3 - -14 - 27) + 12 - -67.
81
What is the value of -58 - ((-10 - -21) + -29 + 9 + 5 + -4)?
-50
What is 56 + -2 - -1 - (-38 - (-288 - -249))?
54
Evaluate (61 - (-25 - -14)) + 12 + -20.
64
What is (-37 - (-21 + 5) - -42) + -53?
-32
What is the value of -128 + (81 - (74 - 143))?
22
-4 + 2 + 5 + 15 + 69 - -25
112
36 + -8 + (-2 - (7 + 1)) - 122
-104
What is 13 + (1 - 4) + 0 + (-7 - 11)?
-8
7 + (-1 - 0) - -2 - (-10 - -12 - 30)
36
What is (-5 - 12) + (16 + 38 + -24 - 16)?
-3
Evaluate (-5 - -7) + -12 + (63 - 10) - -6.
49
What is (-16 - -22) + (3 - 2) - (-58 + 70) - 70?
-75
Calculate 1 + (5 - ((-10 - 21 - -39) + -2 + 6)).
-6
Calculate (13 + -16 - -11) + -12 - (17 - -72).
-93
What is the value of (2 - (2 - -4)) + -1829 + 1758?
-75
Calculate -2 + 2 + -2 + 4 - (27 + -44).
19
What is the value of -147 + 153 - (-49 + (5 - 6) + 4)?
52
What is 269 + -117 + (23 - 41)?
134
Calculate -1 + -14 + 4 - (19 - (7 - 70)).
-93
Evaluate -4 - 0 - -3 - (1506 - 1513).
6
Evaluate (-25 - (-136 + 25 - 16)) + 29.
131
What is the value of (-4 - 2 - 7) + (108 - 126)?
-31
What is -134 + (-18 - (-264 + 88))?
24
Evaluate 17 + (33 - (-108 - -64)).
94
What is the value of -16 + 0 + 15 + (18 - 6) + -22 - 68?
-79
Evaluate (2 - (-17 + (32 - 26))) + 14.
27
Calculate -985 + 906 + 1 + 146.
68
Calculate 5 + 2 - (-59 - -101).
-35
Evaluate -12 - -1 - ((-3 + -18 - -15 - 8) + 31).
-28
47 + 6 + 40 + -72 + (-2 - (-1 + 1))
19
Evaluate -14 - (-15 + 41 + -26).
-14
What is 13 - (-4 + 48) - -45?
14
What is the value of (24 - 33) + -11 - 44 - -4?
-60
Evaluate (9 - -5 - (50 - 59)) + 77.
100
Evaluate -28 + 62 + -7 + (-8 - -8).
27
What is -5 - ((-8 - 1) + -6) - (-18 - -13)?
15
3069 + -3228 + 3 + 53
-103
Calculate 123 - (121 + -47) - 131.
-82
What is (-23 + 17 - (14 - -10)) + 25?
-5
What is the value of -21 + -12 + 59 - -2?
28
(12 - -14 - 22) + 7 + 3 + 9
23
Calculate -59 + -18 - (-36 + -36).
-5
Evaluate 17 + 13 + -85 + 53.
-2
Calculate 66 + (-2 - 0) - (214 - 192 - (10 - -1)).
53
Calculate -49 - -18 - (78 + -13).
-96
What is the value of -54 - ((6 - (-9 - -10)) + 22 + -28)?
-53
What is the value of -79 - 0 - (88 - 101 - (-6 + -9))?
-81
Calculate (97 - 100) + -1 + 9 + (12 - 4) + -7.
6
Evaluate (7 - 2) + (-926 - -900).
-21
Evaluate 51 + (25 - 20) + -3 + (2 - 4) + 2.
53
Calculate -101 - (52 - (83 + -15) - (0 - 19)).
-104
-9 + 13 + (8 - 11) - 15 - -10
-4
Calculate 4 + -1 + 47 + (332 - 308) + (-21 - 0).
53
What is 26 - (8 - (27 - ((6 - 7) + 9)))?
37
Calculate 60 + (-9 - -6) - (3 - (13 - -9)).
76
(-2 - (4 - 56) - (9 - -16 - 36)) + 6
67
Calculate -33 - ((-37 - (10 - 13)) + 3).
-2
What is 4184 + -4154 + (-95 - 2)?
-67
(-59 - -51 - 29) + 43
6
Calculate (0 + -5 - 7 - 2) + 63.
49
Calculate 54 - (119 + -82) - 87.
-70
What is (15 - 3 - (14 + -83 + -4)) + 20?
105
Calculate -7 + -74 + 103 + (1 - 0) + -16.
7
-2 + 5 - 57 - (-8 + 11 + 4 + -8)
-53
Calculate (-76 - -95) + -4 + -6 + 33.
42
(-8 - (-192 - -179 - (1 - -7))) + -12
1
32 - 192 - -75 - -35
-50
Evaluate (-15 - -52) + (8 - (-6 - -1)).
50
Evaluate 0 - -9 - -2 - (6 - (-79 + 44 - -101)).
71
What is -18 - ((50 - (11 - -15)) + -50)?
8
Evaluate 889 + -838 + 0 + -93.
-42
51 - ((-73 - -21) + 94)
9
59 + -74 + 61 + -17
29
Evaluate -1 + 7 + (183 + -195 - (-19 + 1)) - -25.
37
What is the value of -62 - (45 + -14 + -57)?
-36
Calculate 212 - 255 - (1 + -1 - -4) - 9.
-56
What is 12 + -99 + -13 - (-267 + 265)?
-98
Calculate (1 - 3 - (23 + -36 - (-2 + -18))) + 46.
37
-11 + 12 + 21 - (47 - 62)
37
Evaluate (1 - -18) + (-118 + 317 - 129) + -18.
71
What is the value of -17 + -31 + 6 + 55?
13
What is 48 - (83 + -26) - 6?
-15
What is the value of 5 - ((-5 - -10) + -33) - (-6 + 5)?
34
What is 2811 - 3042 - (-2 + -113)?
-116
(0 - 2) + (356 - 112) + -109
133
Calculate 41 - 6 - (1510 + -1500).
25
Calculate (-5 + 1 + 0 - (-69 - (22 + -33))) + 0.
54
-1 + 1 + (5 - (11 + 10) - -24) + 52
60
What is the value of (-104 + 42 - 49) + 50?
-61
-89 + 14 + 45 + -14 - 17
-61
What is the value of (2 + (3 - 1) - -3) + (-581 - -636)?
62
-11 + -5 + (198 - 217)
-35
Calculate 3288 + -3314 - (14 - 1).
-39
(-1 - (-7 + 18)) + -23 + (9 - 14)
-40
18 + (-26 - -38 - 48)
-18
-20 + -16 + 30 + -17
-23
44 - (11 + -6 + (10 - (5 + 5)) + -1)
40
Calculate (-229 - -266) + (-78 - -9).
-32
Evaluate (191 - 120) + (21 - 21).
71
What is the value of (-13434 - -13450) + ((54 - -1) + 1 - 0)?
72
37 + 10 + -64 + -11
-28
What is the value of -87 - (-16 + 0 + 4 + -6)?
-69
What is 17 - -2 - (113 - (-33 + 48))?
-79
What is 19 - (4 + 3 - 18 - -64)?
-34
Evaluate -104 - (-20 + (25 - 4)) - (-7 - 11).
-87
Calculate 100 + -63 + 6 - (1 + 9).
33
Calculate (-59 + 13 - -14) + 51 - -5.
24
-17 + -52 + 67 - -34
32
Evaluate (-4 - -24) + -9 + 5 + -3 + -51.
-38
What is the value of 28 + 8 + 17 - 43?
10
Calculate (114 - (156 - 67)) + -37.
-12
Calculate -1 - -5 - (4 + (-13 - -2) + 18 + 7).
-14
0 + -25 + 11 + 11 + -34
-37
-131 + -139 + 274 - (66 - (0 - 2))
-64
Evaluate -1 + 2 - (-45 + (39 - 22)).
29
What is the value of -20 + -17 - (-44 - -3 - 10)?
14
Calculate (1 + -1 - -60) + (120 - 472) + 344.
52
What is -7 + 0 - -4 - (-36 + 14 + 17 + -1)?
3
What is 8 - (-1 + -1 + 10 + -7 + -9 + 13)?
3
What is the value of 44 + 3 - (51 + -29)?
25
Calculate -28 + -36 + -41 + 49 + 1.
-55
What is (23 - -1) + (-22 + -189 - -197)?
10
What is the value of -536 + 564 - (63 + -1)?
-34
What is the value of (-6 - (41 + -89)) + -1 + -9?
32
What is the value of -1 + 0 + 4 + -3 + (-11 - (-124 + 111))?
2
What is 73 - (28 - 32 - 23 - -55)?
45
Evaluate 3 + -6 - (77 - 32).
-48
-1 + (3 - 1) - (-230 + (-230 - -457))
4
(-64 - (-2 + -24 + 14)) + -2 - 7
-61
What is (10 - 2) + (1 - 18) + -14 + -6?
-29
What is 123 - 114 - (-31 - 17)?
57
What is the value of (13 - -2 - 24) + -45 + 42?
-12
Calculate (-69 - 3) + (-531 - -546).
-57
Evaluate -2 - -2 - (-9 + -1) - (146 + -62).
-74
Evaluate 1 + 53 - ((-4 - -4 - (-32 - -25)) + -4).
51
What is -120 - -112 - (2 + -1) - (-18 + 27)?
-18
(295 - (129 - 9)) + -34
141
Calculate -33 + -3 - -83 - 78.
-31
-180 - -198 - (4 + (-5 - -7))
12
Evaluate (2 - -14 - -8) + -10 - (-3 - -57).
-40
Calculate (2 - 6) + (2 - 10 - (-28 - -27)).
-11
-116 - (-73 + (-35 - -53))
-61
What is 2 - (-20 + -1 + (-284 - -268))?
39
What is 5 + 4 + -7 + (4 - -18 - (-1 - 32))?
57
What is -33 - (0 - -9 - 30 - -41 - 30)?
-23
What is 2 - 92 - (349 + -342) - (-14 + 1 + 3)?
-87
What is -38 + -2 + 19 + -2 + (2 - 54) + 41?
-34
Calculate 33 - -57 - (52 + 60).
-22
4 + (-67 + 37 + 21 - -16)
11
Calculate 10 + 0 + (0 - -52) + (98 - 92) - 5.
63
Evaluate 55 + (18 - 64) - (3 - -38).
-32
Evaluate (-563 - -436) + -4 + -1 + -4 + (4 - 1).
-133
0 - 150 - (-20000 + 19964)
-114
Calculate -9 + (0 - -2 - (-43 + 35)) + 2.
3
What is the value of 0 + (16 - 1) + (-42533 - -42514)?
-4
What is the value of 23 - ((9 + -6 - -11) + (10 - 14))?
13
Calculate -19 - (-52 - (-50 + 27)).
10
(-29 - -27) + (8 - 12) + 2 + 88 + -4
80
Evaluate 19 + -17 + 14 + -2 - 8 - -93.
99
What is the value of 45 + 41 + -40 + -79?
-33
What is the value of 3 + (-11 - (1 + (-7 + 16 - 13)))?
-5
What is the value of (-31 - (34 - 71)) + (-15 - 3)?
-12
Calculate -90 + 45 - -58 - 46.
-33
Evaluate (-48 + 6 - -32) + 12 + -31 + 0.
-29
Evaluate (1 - -53) + -39 + 36 - (-12 + (-3 - -5)).
61
What is -30 + (21 - (-15 + 49)) + -9?
-52
What is the value of 127 + -40 - 37 - (6 - 